pose 3*u + 0*u - 3*i - 15 = 0, 3*u + 5*i = -9. Let a = u + -3. What is p(a)?
4
Let s(z) be the second derivative of z**4/12 + z**3/2 + z**2/2 + 9*z. Suppose -8*w + 3*w - 15 = 0. What is s(w)?
1
Suppose 0*m + 5*m + 35 = 5*v, 3*m - 4*v + 26 = 0. Let c(h) = -3*h + 1. Give c(m).
7
Let v(a) be the first derivative of a**4/12 + a**3/3 - 11*a**2/2 + 8. Let x(f) be the second derivative of v(f). What is x(-3)?
-4
Let k(r) = r**3 + 7*r**2 - 16*r - 18. Let j(g) = -g**3 - 6*g**2 + 17*g + 19. Let v(c) = 3*j(c) + 4*k(c). Give v(-11).
7
Let c(v) be the second derivative of -v**5/4 - v**4/12 + v**3/6 + v**2/2 - 46*v. Determine c(-1).
4
Suppose 3*b = -30 + 96. Suppose 0 = 4*g - p - b, g - p = -0*p + 4. Let i(a) = -8 - 2*a + g + 3. Give i(3).
-5
Let i(n) = n + 1. Let y be i(2). Let q = 3 - y. Let z(r) = r - 6. What is z(q)?
-6
Let s(c) = c + 1. Let t(g) = -2*g - 1. Let y(r) = 6*s(r) + 5*t(r). Give y(2).
-7
Suppose -5*y + 40 = -y. Let f(t) = -t**2 + 11*t - 10. Let q be f(y). Let o(h) = h**3 - h. Determine o(q).
0
Let q(c) be the first derivative of c**3/3 - c**2/2 - 2*c - 1. Let k(b) = -4*b**2 + 2 + 7*b**2 + 2*b - 5*b**2. Let t be k(2). What is q(t)?
4
Let l be (-1 - -2)*(-5 - -6). Let v(r) = -2*r**2 - r + 1. What is v(l)?
-2
Let m(j) = -9*j**2 + 2*j - 7. Let f(h) = 8*h**2 - 2*h + 6. Let a = 16 + -23. Let r(b) = a*f(b) - 6*m(b). Give r(2).
-4
Let b(u) be the first derivative of -u**4/4 + 2*u**3 - 3*u**2 + 7*u + 1. Calculate b(5).
2
Let v(g) be the second derivative of g**4/12 + 3*g**3/2 + 11*g**2/2 - 16*g. Give v(-8).
3
Let b(z) = 3*z - 5*z + z**2 + z - 3*z - 8. Calculate b(6).
4
Let i(j) = 2*j + 1. Suppose -z + 3*n + 6 = 0, -4*z - z + 2*n - 9 = 0. Let v be 64/20 + z/15. Calculate i(v).
7
Suppose -3*p + p = 10. Let a(i) = 11*i**2 + 21*i + 1. Let m(d) = -5*d**2 - 10*d - 1. Let o(z) = 4*a(z) + 9*m(z). What is o(p)?
0
Let t(f) = 14*f**2 - f + 4. Let n(o) = -o**2 + o - 1. Let u(r) = 3*n(r) + t(r). Calculate u(-1).
10
Let u(p) be the first derivative of p**5/20 - p**4/2 + p**3 - 2*p**2 + 2*p + 1. Let d(k) be the first derivative of u(k). Calculate d(5).
1
Let h(g) = -g**3 + g + 2. Suppose -1 = -4*d + 11. Determine h(d).
-22
Let c(z) = -z - 1. Let a be c(-3). Let p(x) = -x**3 + 2*x**2 - 2*x + 2. Calculate p(a).
-2
Let c be 2 - 0/(1 - 0). Let n(p) = 577*p**2 - 4 - 582*p**2 + 4*p + 2. What is n(c)?
-14
Let f(p) be the third derivative of p**3/6 - p**2. Let w(c) be the second derivative of c**3/3 - 5*c**2 - 7*c. Let j(x) = -10*f(x) - w(x). Calculate j(1).
-2
Let t(h) = -2*h**2 - 3*h + 1. Suppose 0 = 4*z - 18 + 2. Let q be ((-3)/(-4))/((-1)/z). Determine t(q).
-8
Let w be -2 + 10/2 - 3. Let g(t) = 38 + t + w*t - 41. Calculate g(-4).
-7
Let i = 4 - 1. Let m(g) = -i*g**3 + 4 + 4*g**2 + 1 + 2*g**3 + 2*g + g. What is m(5)?
-5
Let f(k) be the third derivative of -k**5/40 - k**4/12 - k**3/3 - 3*k**2. Let j(u) be the first derivative of f(u). What is j(-2)?
4
Let q(s) = -3*s**2 + 3*s + 7. Let w(o) = o**2. Let v(j) = q(j) + 2*w(j). Let d(a) be the first derivative of v(a). Let c = 13 + -8. Calculate d(c).
-7
Let z(d) = 3 + 0 - 4 + d. Let l be z(-1). Let f(v) = v - 1. What is f(l)?
-3
Let w(g) be the third derivative of -g**4/12 + g**3/3 + 20*g**2. What is w(2)?
-2
Let i(x) = 0*x + 2 - 3 + 2 + 2*x. What is i(1)?
3
Let p(k) be the second derivative of k**2 + 1/20*k**5 - 1/6*k**3 + k - 1/4*k**4 + 0. Give p(3).
-1
Let n(t) = 3 + 6*t**2 + 6*t**2 - 7*t**2 + 7*t. Let q(f) = f**2 + 1. Let z(d) = n(d) - 6*q(d). Determine z(6).
3
Let l(d) = 6 - 3*d + 4*d**3 + 5*d**2 - 3*d + d - 3*d**3. Calculate l(-6).
0
Let q = 19 + -16. Let o(n) be the second derivative of 0 + 1/20*n**5 + 1/3*n**4 - n + 2*n**2 - 2/3*n**q. Calculate o(-5).
-1
Suppose -4*t - 16 = -4*d, -d + 3*t = 4 - 2. Let n(i) = -i**3 - i**2 - i + 1. Let k(c) = -2*c**3 + 5*c**2 + 8*c - 6. Let j(v) = k(v) - n(v). Calculate j(d).
7
Let g(q) = q + 12. Let h be ((-3)/(-4))/((-1)/(-4)). Let n be (-132)/20 + h/5. Determine g(n).
6
Let p(o) = -o + 3. Let i be p(-5). Let r be (-18)/(-8) - 2/i. Let j(k) = -k**3 + r - 3*k**2 - 5*k + 2*k + 8*k. Give j(-4).
-2
Let f(j) be the first derivative of 2 + j - 1/2*j**2. Let y = 3 - 7. Determine f(y).
5
Let z(u) = u + 11 - 8 - 15 - u**2 - 2. Determine z(0).
-14
Let r(n) be the second derivative of -n**8/6720 + n**7/504 + n**6/90 - n**5/15 - n**4/3 - n. Let x(f) be the third derivative of r(f). Give x(6).
4
Let a(v) = -8*v**2 + v - 7. Let w(b) = 4*b**2 - b + 4. Let s(i) = -3*a(i) - 5*w(i). What is s(-2)?
13
Let u(r) = r**3 + 7*r**2 + 2*r - 3. Let l(q) = -2*q**3 - 15*q**2 - 4*q + 7. Let i(z) = 2*l(z) + 5*u(z). Let t be 4/(-14) + (-52)/14. Give i(t).
7
Let i = -14 + 22. Let o = i - 7. Let x(z) = z**2. Calculate x(o).
1
Let q(v) = v**2 - 6*v + 4. Suppose 0 = 3*a - 0*a - 18. Calculate q(a).
4
Suppose 5*v - 25 = -10. Suppose v*d = d. Let t(r) = -r**2 + r + 9. Determine t(d).
9
Suppose 9 = 5*c - 11. Suppose -c*k + 3*s = 6*s, -4*k = -3*s - 24. Let l(j) = -17*j**3 + 18*j**3 - 5*j**2 + 2 + 4*j - j. Determine l(k).
-7
Let x be (8/(-6))/((-4)/6). Let t(h) = 26*h - 13*h - 12*h. Give t(x).
2
Let y(i) = -i**2 - 2*i - 3. Let a(h) = 3*h**2 + 5*h + 10. Let l(x) = 2*a(x) + 7*y(x). Give l(-5).
-6
Suppose -1 = 5*x - 26. Let f(n) = -n**2 + 0*n**2 + 2*n**2 + 7*n - 2 - x*n. Suppose -5*j = 2 + 13. Calculate f(j).
1
Let i(t) be the first derivative of 2*t**2 - 2*t - 12. Calculate i(3).
10
Let n(r) = -4*r**2 + 4*r + 5. Let a(j) = -j**2 + 1. Let m(o) = 5*a(o) - n(o). Suppose 0 = 3*u - u + 8. Give m(u).
0
Let m(n) = -n**3 - 5*n**2 - 4*n - 2. Let u be m(-2). Let r(a) = a + 7. Determine r(u).
1
Let c = 4 + -4. Suppose -5*h = 5 - c, -2*h = -4*l - 14. Let m(z) = z**2 + z - 4. What is m(l)?
8
Let x be 5/1*(18 - 19). Let c(z) = -4*z. Let v(d) = -5*d - 1. Let b(n) = -4*c(n) + 3*v(n). Give b(x).
-8
Let s = 1 + -6. Let z(c) = -2*c + 6. Let g(m) = 3*m - 6. Let i(x) = -3*g(x) - 4*z(x). What is i(s)?
-1
Let t(a) = -a + 14. Let c be (2/4)/((-5)/(-100)) + -2. What is t(c)?
6
Let r(a) = -a**3 + 3*a**2 + 3*a + 1. Let j = 71 - 73. Calculate r(j).
15
Let w(a) be the second derivative of a**6/120 - a**5/20 - a**4/6 + 2*a**3/3 + 2*a**2 + 2*a. Let y(l) be the first derivative of w(l). Give y(3).
-8
Suppose 0 = u + u + 16. Let s(j) = -j**2 - 8*j + 6. Calculate s(u).
6
Suppose -3*y = 3 - 9. Let z(u) = -2 + 6 - 1 - 3*u. Calculate z(y).
-3
Suppose 3*c = 15 + 9. Let i = 6 - c. Let n(u) = -4*u - 2. What is n(i)?
6
Suppose 2*a - 3*y + 1 = 0, 0 = 3*a + y - 5 + 1. Let k(z) be the first derivative of -5 - 1/3*z**3 - z + 1/2*z**2. Give k(a).
-1
Let r(l) = l**3 + 5*l**2 + 3*l. Suppose 0*z + 4*z - 4 = -4*x, 0 = 5*z - 25. Calculate r(x).
4
Let s(c) = -c**3 - 5*c**2 + 8*c + 14. Let l be s(-6). Let p(m) = 0*m**2 + 0*m**2 - 6*m - m**l + 2. Calculate p(-6).
2
Let f(t) = t**3 - t**2 + 2*t - 2. Let o be f(0). Let z(y) be the third derivative of -y**4/24 - y**3/3 - y**2. Calculate z(o).
0
Let q(p) be the first derivative of p**5/60 - 5*p**4/24 - p**3 - 2*p**2 + 3. Let f(y) be the second derivative of q(y). Let r be 4/14 - (-33)/7. Calculate f(r).
-6
Let b be 2/(3/(-7 + 1)). Let j(h) = 8 - 3 + h + 3. Calculate j(b).
4
Let n(k) = -2*k + 1. Let p = -20 + 14. Give n(p).
13
Let z(j) = j**2 + 5*j + 6. Let d = 18 - 22. Determine z(d).
2
Suppose -5*q - 4*p = 35, 0 = 4*p - p. Let m(a) = 1. Let d(s) = -s**2 - 7*s - 5. Let l(u) = d(u) + 6*m(u). What is l(q)?
1
Suppose -7*x + 48 = x. Let m(j) = -j**3 + 5*j**2 + 7*j - 4. Determine m(x).
2
Let x(q) = -2*q**2 + 18*q**2 - q - 1 - 2*q**2 + 0*q. Calculate x(-1).
14
Let c(z) = -z**2 - 2*z + 1. Let g = -8 + 10. What is c(g)?
-7
Let q = 12 + -6. Let i(d) = 7 - 7 - 7 + 2*d. Let t be i(q). Let l(n) = 2*n - 5. What is l(t)?
5
Let h(g) = g - 6. Let w(u) = u - 6. Let t(z) = -6*h(z) + 5*w(z). Calculate t(5).
1
Let w be 10/45 + (-14)/(-18). Suppose w + 1 = f. Let k = -7 + f. Let b(z) = -z**2 - 5*z - 6. Calculate b(k).
-6
Let x = 1 - 3. Let f be (-20)/(-8) + 1/x. Let t(d) = 2*d - 2 + d**2 - 5*d + d**3 + f*d. Determine t(-2).
-4
Let t(q) = 6*q**2 + 4 - 3*q**2 + 7*q + 2*q**2 + q**3. Let g(p) = -8*p - 20. Let k(y) = -3*y - 7. Let j(c) = 6*g(c) - 17*k(c). Let m be j(-1). Calculate t(m).
-8
Let o(p) = -p**2 - 22*p - 4. Let u be o(-22). Let k(v) be the second derivative of 0 - 1/2*v**3 - v - 3*v**2. Determine k(u).
6
Let o(s) = s**2 - 2*s + 6. Let v be o(